
Let m(g) = 3*g - 4. Determine m(2).
2
Let i(g) = -5*g**2 - 166*g - 40. Give i(-33).
-7
Let q(n) = n**2 + 21*n + 43. What is q(-19)?
5
Let b(x) = x**2 - 2*x + 4. Determine b(0).
4
Let b(k) = k - 8. Give b(-13).
-21
Let u(q) = -12*q + 63. Determine u(8).
-33
Let s(a) = a**3 + 9*a + 29. Calculate s(-2).
3
Let o(b) = b**2 - b - 2. What is o(5)?
18
Let i(r) = -r + 6. Give i(24).
-18
Let p(o) = 2*o**3 - 18*o**2 - o + 13. Determine p(9).
4
Let v(j) = -j**3 - 10*j**2 - j + 95. What is v(-8)?
-25
Let s(u) = 2*u - 8. Give s(12).
16
Let z(f) = 6*f + 6. Give z(4).
30
Let q(p) = -p**3 - 7*p**2 + 10*p + 12. Calculate q(-8).
-4
Let u(i) = i**3 - 9*i**2 + 11*i + 21. What is u(6)?
-21
Let f(y) = -y**3 - 4*y**2 + 4*y + 5. Determine f(-5).
10
Let v(o) = -4*o + 20. Give v(10).
-20
Let o(w) = -2*w**2 - 8*w + 5. What is o(2)?
-19
Let t(h) = -h**3 + 7*h**2 - 2. Determine t(7).
-2
Let s(b) = -b**2 + 5*b + 23. Give s(7).
9
Let m(j) = 8*j - 47. Determine m(7).
9
Let s(b) = -2*b - 72. What is s(-38)?
4
Let m(o) = 21*o - 1. Determine m(-1).
-22
Let i(v) = v - 15. Determine i(10).
-5
Let c(r) = r**2 + 4*r - 14. Determine c(-6).
-2
Let k(i) = 4*i**2 - 47*i + 27. Calculate k(11).
-6
Let j(f) = 8*f + 2. Determine j(-4).
-30
Let u(c) = 12*c - 296. Give u(24).
-8
Let o(m) = -5*m - 1. Determine o(2).
-11
Let o(m) = -m**3 - 7*m**2 - 15*m - 92. Determine o(-7).
13
Let t(j) = j**2 + 2*j - 3. Calculate t(0).
-3
Let h(a) = -20*a - 5. Give h(1).
-25
Let h(j) = -3*j**3 + 68*j**2 + 23*j + 3. What is h(23)?
3
Let t(l) = 3*l - 6. Calculate t(6).
12
Let f(n) = -49*n - 45. What is f(-1)?
4
Let l(z) = z**2 - 2*z - 5. Give l(5).
10
Let o(y) = y**2 + 10*y + 6. Determine o(-7).
-15
Let m(c) = c**2 - 5*c - 2. Determine m(4).
-6
Let l(v) = 36*v - 279. Give l(8).
9
Let l(k) = 15*k**2 - 5*k + 2. What is l(1)?
12
Let k(g) = -20*g**2 - 89*g - 88. Calculate k(-1).
-19
Let m(n) = -n**3 - 29*n**2 + 67*n + 154. Calculate m(-31).
-1
Let w(v) = v**2 - 21*v + 135. What is w(6)?
45
Let q(y) = y**2 + 14*y + 11. Calculate q(-13).
-2
Let m(l) = -l**3 + 6*l**2 + l - 5. Give m(5).
25
Let h(m) = 20*m. Give h(1).
20
Let s(h) = -2*h**2 - 12*h + 5. What is s(3)?
-49
Let m(s) = 3*s**2 + 32*s + 46. Determine m(-12).
94
Let u(m) = m**3 - 22*m**2 - 6. Calculate u(22).
-6
Let z(x) = -x**3 - 5*x**2 + 35*x - 21. Give z(-9).
-12
Let b(f) = -2*f**3 - 11*f**2 - 3*f - 5. Calculate b(-4).
-41
Let w(g) = -11*g - 56. Calculate w(-7).
21
Let f(h) = 3*h**2 - 3*h + 3. Determine f(3).
21
Let a(f) = -f**3 - 16*f**2 + 17*f + 3. Calculate a(-17).
3
Let t(z) = z**2 + 17*z + 6. Determine t(-16).
-10
Let h(r) = -r**3 + 6*r**2 + r - 10. What is h(7)?
-52
Let u(i) = -i - 8. Determine u(19).
-27
Let j(y) = -y**2 + 7*y - 8. Calculate j(9).
-26
Let l(x) = -x**3 + 3*x**2 - 5. Calculate l(3).
-5
Let p(n) = -n**2 + 33. Give p(-7).
-16
Let t(x) = -x**2 + 15*x - 20. What is t(14)?
-6
Let p(n) = -n**2 - n - 20. Give p(0).
-20
Let y(c) = -c**2 + 3*c - 4. What is y(2)?
-2
Let w(h) = -h**2 - h + 66. Determine w(-8).
10
Let m(d) = -2*d**3 + 5*d**2 + d - 8. Calculate m(4).
-52
Let b(h) = h + 34. Determine b(-33).
1
Let h(t) = -2*t - 19. What is h(-17)?
15
Let w(y) = -y**3 - 10*y**2 - 17*y - 15. What is w(-8)?
-7
Let c(a) = -a**2 + 85*a - 251. Calculate c(3).
-5
Let z(j) = -j**3 + 3*j**2 + 12*j - 4. Determine z(5).
6
Let a(o) = 3*o - 13. What is a(-9)?
-40
Let v(l) = 36*l - 1. What is v(-1)?
-37
Let s(o) = -o**3 + 7*o**2 - 2*o - 8. Calculate s(7).
-22
Let c(g) = -g**3 + 16*g**2 + 2*g - 27. Determine c(16).
5
Let y(s) = 3*s - 134. Give y(0).
-134
Let k(f) = -f**3 - 41*f**2 - 38*f + 84. Give k(-40).
4
Let l(k) = -k**3 + k**2 + k + 4. Calculate l(3).
-11
Let x(d) = 6*d - 115. Determine x(17).
-13
Let k(n) = n**2 + 3*n + 1. What is k(-3)?
1
Let a(g) = -g**3 + 17*g**2 + g - 16. Determine a(17).
1
Let i(y) = -y**3 - 4*y**2 + 5*y + 4. Calculate i(-4).
-16
Let a(y) = -y**2 - 8*y - 9. What is a(-7)?
-2
Let l(a) = -13*a - 4. What is l(-3)?
35
Let m(u) = -u**3 - 7*u**2 - u + 4. Determine m(-7).
11
Let g(b) = b**2 - 22*b + 22. Give g(20).
-18
Let i(f) = f**3 + 14*f**2 - 14*f + 20. Give i(-15).
5
Let i(r) = -r**3 + 4*r**2 + 6*r - 8. What is i(0)?
-8
Let o(w) = w**3 - 5*w**2 + 3*w - 5. Determine o(5).
10
Let n(i) = i**2 + 8*i + 10. What is n(-3)?
-5
Let y(b) = -b**2 - 3*b - 5. What is y(-3)?
-5
Let d(p) = 7*p - 159. What is d(25)?
16
Let p(w) = -w**2 + 6*w + 5. Calculate p(-6).
-67
Let l(h) = 9*h + 17. Determine l(9).
98
Let o(f) = -f**2 + 7*f + 7. What is o(6)?
13
Let m(b) = -b + 11. Determine m(8).
3
Let t(p) = -6*p + 6. Give t(3).
-12
Let s(f) = f**3 + f**2 - 4*f + 5. Determine s(-3).
-1
Let h(q) = -q**3 - 2*q**2 + 5*q - 4. Calculate h(-4).
8
Let m(r) = -r**3 - 5*r**2 - 2*r - 1. Calculate m(-5).
9
Let c(n) = -5*n - 7. What is c(-4)?
13
Let v(o) = -o**3 - 14*o**2 + 16*o + 10. Calculate v(-15).
-5
Let i(l) = -2*l**2 + 6*l + 5. Determine i(6).
-31
Let x(o) = -o**3 - 17*o**2 - 52*o + 4. Calculate x(-13).
4
Let a(d) = 3*d + 4. What is a(4)?
16
Let b(k) = k**3 - 13*k**2 + 15*k - 18. Calculate b(12).
18
Let d(u) = u**3 + 11*u**2 - 12*u - 2. Give d(-12).
-2
Let q(k) = 47*k - 1. Determine q(1).
46
Let x(q) = -15*q - 130. What is x(-8)?
-10
Let p(l) = l**2 - 10*l - 24. Give p(12).
0
Let l(u) = -u**2 + 23*u - 110. Calculate l(16).
2
Let c(o) = o**2 + 10*o - 7. Calculate c(-9).
-16
Let s(y) = -5*y**2 + 15*y + 4. Give s(3).
4
Let n(q) = -9*q - 3. Calculate n(-3).
24
Let x(v) = -v + 3. What is x(-4)?
7
Let f(n) = n**3 + 3*n**2 - 3. Give f(-3).
-3
Let d(m) = m**3 + 10*m**2 - 16*m - 56. Determine d(-11).
-1
Let d(n) = -2*n**3 - 8*n**2 + 14*n + 10. What is d(-5)?
-10
Let v(k) = -6*k**2 + 3*k - 3. What is v(2)?
-21
Let n(y) = -4*y**2 + 2*y + 12. Determine n(3).
-18
Let r(m) = -3*m**2 + 51*m + 31. Determine r(17).
31
Let f(v) = 12*v**2 + 7*v - 2. Determine f(-2).
32
Let o(u) = u**2 - 14*u - 4. Give o(13).
-17
Let o(c) = 5*c - 2. Calculate o(0).
-2
Let g(k) = -k**3 + 3*k**2 + k - 5. Determine g(3).
-2
Let u(k) = k**3 - 7*k**2 + 8*k - 3. Calculate u(6).
9
Let a(m) = -4*m. Determine a(12).
-48
Let a(z) = -3*z**2 + 3. What is a(2)?
-9
Let h(j) = -7*j - 51. Calculate h(-8).
5
Let d(k) = 8*k**2 - 4*k + 2. Give d(2).
26
Let l(w) = w**2 + 25*w + 67. Give l(-17).
-69
Let k(q) = q**3 - 2*q**2 - 7*q + 3. Determine k(5).
43
Let i(u) = -u**3 - 2*u**2 + 5*u + 4. What is i(-4)?
16
Let h(r) = -2*r**3 + 25*r**2 + 22*r - 118. Give h(13).
-1
Let r(b) = b**3 - 38*b**2 + 73*b - 42. Determine r(36).
-6
Let k(x) = 6*x - 36. What is k(5)?
-6
Let l(q) = -q**2 + q - 1. Give l(0).
-1
Let t(n) = 14*n + 10. What is t(2)?
38
Let p(s) = s**3 + s**2 - 5*s - 7. Calculate p(-3).
-10
Let i(a) = 2*a**3 - 1. Calculate i(1).
1
Let c(j) = -38*j + 185. What is c(5)?
-5
Let d(l) = -3*l**3 - 22*l**2 + 2*l + 70. Determine d(-7).
7
Let u(a) = a + 12. Calculate u(-7).
5
Let r(y) = 69*y - 200. Determine r(3).
7
Let t(o) = -o**2 + 25*o - 105. Determine t(20).
-5
Let q(m) = m**3 + m**2 - 1. What is q(3)?
35
Let l(j) = 2*j**2 - 5*j - 178. Give l(11).
9
Let z(k) = 3*k**3 + 12*k**2 - k + 2. Give z(-5).
-68
Let r(l) = -l**2 - 17*l + 16. Give r(-17).
16
Let m(w) = w + 45. Give m(-6).
39
Let h(w) = w**2 - 15*w + 12. Calculate h(8).
-44
Let b(i) = -18*i - 140. What is b(-8)?
4
Let y(j) = -15*j - 596. Determine y(-40).
4
Let i(l) = l - 16. What is i(18)?
2
Let d(g) = -g**2 - 21*g - 91. Give d(-15).
-1
Let b(s) = 3*s**2 - 2*s - 4. What is b(-2)?
12
Let o(n) = 2*n**3 + 28*n**2 + 25*n - 10. Calculate o(-13).
3
Let l(c) = c**3 - 7*c**2 - 10*c + 13. What is l(7)?
-57
Let y(g) = 21*g**2 + 2*g - 1. Give y(1).
22
Let f(o) = o**3 - 6*o - 5. Determine f(-4).
-45
Let t(r) = -r**3 + 35*r**2 + 35*r + 22. Determine t(36).
-14
Let f(r) = 44*r - 301. Determine f(7).
7
Let g(b) = -b**2 + 7*b + 16. Determine g(10).
-14
Let t(k) = k + 21. Give t(-5).
16
Let c(f) = f**3 - 9*f**2 - 2*f + 7. Determine c(9).
-11
Let c(n) = n**2 - 4*n + 7. Calculate c(7).
28
Let i(q) = -2*q**3 - 53*q**2 - 26*q + 6. Determine i(-26).
6
Let x(j) = -j**3 + 6*j**2 + 7*j + 9. Give x(7).
9
Let q(t) = 10*t - 9. Calculate q(4).
31
Let m(a) = 5*a + 24. Calculate m(-7).
-11
Let p(s) = 2*s**2 + 6*s - 15. Give p(-5).
5
Let z(w) = -w**3 - 11*w**2 - 10*w + 13. Give z(-10).
13
Let c(f) = -f**3 + 4*f**2 + 5*f - 25. Determine c(4).
-5
Let j(p) = 2*p - 4. Calculate j(-4).
-12
Let w(i) = i**3 